{"id":883,"date":"2023-08-24T12:53:21","date_gmt":"2023-08-24T10:53:21","guid":{"rendered":"https:\/\/cocinasens.fr\/?post_type=product&#038;p=883"},"modified":"2025-06-03T06:33:03","modified_gmt":"2025-06-03T04:33:03","slug":"couverts-a-salade-resine-couleur-peche","status":"publish","type":"product","link":"https:\/\/cocinasens.fr\/index.php\/product\/couverts-a-salade-resine-couleur-peche\/","title":{"rendered":"COUVERTS A SALADE RESINE COULEUR PECHE"},"content":{"rendered":"<p class=\"Styles__Typography-sc-4zz2i3-0 mkhll\">\u00c0 propos de ce produit<\/p>\n<p><span class=\"Styles__Span-sc-4zz2i3-1 AccordionContainer__AccordionTextSpan-sc-10ikm52-3 fYstiQ jAkFaF\" data-test-id=\"accordion-text\">Couverts \u00e0 salade en bois et r\u00e9sine couleur p\u00eache Tr\u00e8s raffin\u00e9, avec le saladier assorti<\/span><\/p>\n","protected":false},"excerpt":{"rendered":"<div class=\"Flex-sc-14t19kd-0 Row-sc-s57kza-0 gCjEUP\">\n<p class=\"Styles__Typography-sc-4zz2i3-0 SingleVariationSelector__StyledTypography-sc-vrpbcz-1 WtLHU iXDWxW\">Couleur : PECHE<\/p>\n<\/div>\n<div class=\"Flex-sc-14t19kd-0 Row-sc-s57kza-0 gCjEUP\">\n<p class=\"Styles__Typography-sc-4zz2i3-0 SingleVariationSelector__StyledTypography-sc-vrpbcz-1 WtLHU iXDWxW\">Mat\u00e9riau : RESINE<\/p>\n<\/div>\n<p class=\"Styles__Typography-sc-4zz2i3-0 mkhll\">Livraison<\/p>\n<ul>\n<li class=\"ShippingDetailsList__ListItem-sc-1fobp2x-0 iTTXJE\">\n<p class=\"Styles__Typography-sc-4zz2i3-0 ldNIxK\">Pays d&#8217;exp\u00e9dition\u00a0: France<\/p>\n<\/li>\n<\/ul>\n","protected":false},"featured_media":884,"comment_status":"open","ping_status":"closed","template":"","meta":{"jetpack_post_was_ever_published":false},"product_cat":[24,33,21,23],"product_tag":[37],"class_list":["post-883","product","type-product","status-publish","has-post-thumbnail","hentry","product_cat-adt","product_cat-couverts-adt","product_cat-cu","product_cat-deco","product_tag-resine-peche"],"_links":{"self":[{"href":"https:\/\/cocinasens.fr\/index.php\/wp-json\/wp\/v2\/product\/883","targetHints":{"allow":["GET"]}}],"collection":[{"href":"https:\/\/cocinasens.fr\/index.php\/wp-json\/wp\/v2\/product"}],"about":[{"href":"https:\/\/cocinasens.fr\/index.php\/wp-json\/wp\/v2\/types\/product"}],"replies":[{"embeddable":true,"href":"https:\/\/cocinasens.fr\/index.php\/wp-json\/wp\/v2\/comments?post=883"}],"wp:featuredmedia":[{"embeddable":true,"href":"https:\/\/cocinasens.fr\/index.php\/wp-json\/wp\/v2\/media\/884"}],"wp:attachment":[{"href":"https:\/\/cocinasens.fr\/index.php\/wp-json\/wp\/v2\/media?parent=883"}],"wp:term":[{"taxonomy":"product_cat","embeddable":true,"href":"https:\/\/cocinasens.fr\/index.php\/wp-json\/wp\/v2\/product_cat?post=883"},{"taxonomy":"product_tag","embeddable":true,"href":"https:\/\/cocinasens.fr\/index.php\/wp-json\/wp\/v2\/product_tag?post=883"}],"curies":[{"name":"wp","href":"https:\/\/api.w.org\/{rel}","templated":true}]}}