{"id":2450,"date":"2023-09-25T14:28:12","date_gmt":"2023-09-25T12:28:12","guid":{"rendered":"https:\/\/cocinasens.fr\/?post_type=product&#038;p=2450"},"modified":"2025-06-07T07:25:32","modified_gmt":"2025-06-07T05:25:32","slug":"service-18-pieces","status":"publish","type":"product","link":"https:\/\/cocinasens.fr\/index.php\/product\/service-18-pieces\/","title":{"rendered":"Service 18 pi\u00e8ces"},"content":{"rendered":"<p>Servez vos d\u00e9lices culinaires dans ce magnifique ensemble de table de 18 pi\u00e8ces.<\/p>\n<p>6 assiettes \u00e0 d\u00eener de 10,5 pouces<\/p>\n<p>6 plaques lat\u00e9rales de 7,5 pouces<\/p>\n<p>6 bols de 7 x 7 pouces<\/p>\n<p>Fabriqu\u00e9 \u00e0 partir de porcelaine durable.<\/p>\n<p>Passe au lave-vaisselle et au micro-ondes.<\/p>\n","protected":false},"excerpt":{"rendered":"<p>Servez vos d\u00e9lices culinaires dans ce magnifique ensemble de table de 18 pi\u00e8ces. 6 assiettes \u00e0 d\u00eener de 10,5 pouces 6 plaques lat\u00e9rales de 7,5 pouces 6 bols de 7 x 7 pouces Fabriqu\u00e9 \u00e0 partir de porcelaine durable. Passe au lave-vaisselle et au micro-ondes.<\/p>\n","protected":false},"featured_media":2458,"comment_status":"open","ping_status":"closed","template":"","meta":{"jetpack_post_was_ever_published":false},"product_cat":[20,30],"product_tag":[],"class_list":["post-2450","product","type-product","status-publish","has-post-thumbnail","hentry","product_cat-uncategorized","product_cat-assiettes"],"_links":{"self":[{"href":"https:\/\/cocinasens.fr\/index.php\/wp-json\/wp\/v2\/product\/2450","targetHints":{"allow":["GET"]}}],"collection":[{"href":"https:\/\/cocinasens.fr\/index.php\/wp-json\/wp\/v2\/product"}],"about":[{"href":"https:\/\/cocinasens.fr\/index.php\/wp-json\/wp\/v2\/types\/product"}],"replies":[{"embeddable":true,"href":"https:\/\/cocinasens.fr\/index.php\/wp-json\/wp\/v2\/comments?post=2450"}],"wp:featuredmedia":[{"embeddable":true,"href":"https:\/\/cocinasens.fr\/index.php\/wp-json\/wp\/v2\/media\/2458"}],"wp:attachment":[{"href":"https:\/\/cocinasens.fr\/index.php\/wp-json\/wp\/v2\/media?parent=2450"}],"wp:term":[{"taxonomy":"product_cat","embeddable":true,"href":"https:\/\/cocinasens.fr\/index.php\/wp-json\/wp\/v2\/product_cat?post=2450"},{"taxonomy":"product_tag","embeddable":true,"href":"https:\/\/cocinasens.fr\/index.php\/wp-json\/wp\/v2\/product_tag?post=2450"}],"curies":[{"name":"wp","href":"https:\/\/api.w.org\/{rel}","templated":true}]}}